{"id":9,"date":"2019-04-21T09:14:55","date_gmt":"2019-04-21T09:14:55","guid":{"rendered":"http:\/\/tsv-ohrnberg.de\/?page_id=9"},"modified":"2025-02-26T18:13:46","modified_gmt":"2025-02-26T18:13:46","slug":"home","status":"publish","type":"page","link":"https:\/\/tsv-ohrnberg.de\/","title":{"rendered":"Home"},"content":{"rendered":"\t\t<div data-elementor-type=\"wp-post\" data-elementor-id=\"9\" class=\"elementor elementor-9\">\n\t\t\t\t\t\t<section class=\"elementor-section elementor-top-section elementor-element elementor-element-495b8f5 elementor-section-boxed elementor-section-height-default elementor-section-height-default\" data-id=\"495b8f5\" data-element_type=\"section\" data-e-type=\"section\" data-settings=\"{&quot;background_background&quot;:&quot;classic&quot;}\">\n\t\t\t\t\t\t<div class=\"elementor-container elementor-column-gap-default\">\n\t\t\t\t\t<div class=\"elementor-column elementor-col-100 elementor-top-column elementor-element elementor-element-172764d\" data-id=\"172764d\" data-element_type=\"column\" data-e-type=\"column\">\n\t\t\t<div class=\"elementor-widget-wrap elementor-element-populated\">\n\t\t\t\t\t\t<div class=\"elementor-element elementor-element-295a2b1 elementor-widget elementor-widget-spacer\" data-id=\"295a2b1\" data-element_type=\"widget\" data-e-type=\"widget\" data-widget_type=\"spacer.default\">\n\t\t\t\t<div class=\"elementor-widget-container\">\n\t\t\t\t\t\t\t<div class=\"elementor-spacer\">\n\t\t\t<div class=\"elementor-spacer-inner\"><\/div>\n\t\t<\/div>\n\t\t\t\t\t\t<\/div>\n\t\t\t\t<\/div>\n\t\t\t\t<div class=\"elementor-element elementor-element-a9772b7 elementor-widget elementor-widget-heading\" data-id=\"a9772b7\" data-element_type=\"widget\" data-e-type=\"widget\" id=\"Titel\" data-widget_type=\"heading.default\">\n\t\t\t\t<div class=\"elementor-widget-container\">\n\t\t\t\t\t<h1 class=\"elementor-heading-title elementor-size-default\">Herzlich willkommen beim TSV Ohrnberg 1921 e.V.<\/h1>\t\t\t\t<\/div>\n\t\t\t\t<\/div>\n\t\t\t\t<div class=\"elementor-element elementor-element-da99a5e elementor-widget elementor-widget-spacer\" data-id=\"da99a5e\" data-element_type=\"widget\" data-e-type=\"widget\" data-widget_type=\"spacer.default\">\n\t\t\t\t<div class=\"elementor-widget-container\">\n\t\t\t\t\t\t\t<div class=\"elementor-spacer\">\n\t\t\t<div class=\"elementor-spacer-inner\"><\/div>\n\t\t<\/div>\n\t\t\t\t\t\t<\/div>\n\t\t\t\t<\/div>\n\t\t\t\t\t<\/div>\n\t\t<\/div>\n\t\t\t\t\t<\/div>\n\t\t<\/section>\n\t\t\t\t<section class=\"elementor-section elementor-top-section elementor-element elementor-element-40ccfe0 elementor-section-boxed elementor-section-height-default elementor-section-height-default\" data-id=\"40ccfe0\" data-element_type=\"section\" data-e-type=\"section\">\n\t\t\t\t\t\t<div class=\"elementor-container elementor-column-gap-default\">\n\t\t\t\t\t<div class=\"elementor-column elementor-col-100 elementor-top-column elementor-element elementor-element-f09db3c\" data-id=\"f09db3c\" data-element_type=\"column\" data-e-type=\"column\">\n\t\t\t<div class=\"elementor-widget-wrap elementor-element-populated\">\n\t\t\t\t\t\t<div class=\"elementor-element elementor-element-39ecf91 elementor-widget elementor-widget-animated-headline\" data-id=\"39ecf91\" data-element_type=\"widget\" data-e-type=\"widget\" data-widget_type=\"animated-headline.default\">\n\t\t\t\t<div class=\"elementor-widget-container\">\n\t\t\t\t\t \t\t\t\t<\/div>\n\t\t\t\t<\/div>\n\t\t\t\t<div class=\"elementor-element elementor-element-aa77d4a elementor-widget elementor-widget-slides\" data-id=\"aa77d4a\" data-element_type=\"widget\" data-e-type=\"widget\" data-widget_type=\"slides.default\">\n\t\t\t\t<div class=\"elementor-widget-container\">\n\t\t\t\t\t \t\t\t\t<\/div>\n\t\t\t\t<\/div>\n\t\t\t\t\t<\/div>\n\t\t<\/div>\n\t\t\t\t\t<\/div>\n\t\t<\/section>\n\t\t\t\t<section class=\"elementor-section elementor-top-section elementor-element elementor-element-12407d9 elementor-section-boxed elementor-section-height-default elementor-section-height-default\" data-id=\"12407d9\" data-element_type=\"section\" data-e-type=\"section\">\n\t\t\t\t\t\t<div class=\"elementor-container elementor-column-gap-default\">\n\t\t\t\t\t<div class=\"elementor-column elementor-col-100 elementor-top-column elementor-element elementor-element-2fcba3a\" data-id=\"2fcba3a\" data-element_type=\"column\" data-e-type=\"column\">\n\t\t\t<div class=\"elementor-widget-wrap elementor-element-populated\">\n\t\t\t\t\t\t<div class=\"elementor-element elementor-element-e9a6f19 elementor-widget elementor-widget-image\" data-id=\"e9a6f19\" data-element_type=\"widget\" data-e-type=\"widget\" data-widget_type=\"image.default\">\n\t\t\t\t<div class=\"elementor-widget-container\">\n\t\t\t\t\t\t\t\t\t\t\t\t\t\t\t<img fetchpriority=\"high\" decoding=\"async\" width=\"768\" height=\"346\" src=\"https:\/\/tsv-ohrnberg.de\/wp-content\/uploads\/2024\/10\/WhatsApp-Image-2024-10-16-at-11.57.20-768x346.jpeg\" class=\"attachment-medium_large size-medium_large wp-image-2852\" alt=\"\" srcset=\"https:\/\/tsv-ohrnberg.de\/wp-content\/uploads\/2024\/10\/WhatsApp-Image-2024-10-16-at-11.57.20-768x346.jpeg 768w, https:\/\/tsv-ohrnberg.de\/wp-content\/uploads\/2024\/10\/WhatsApp-Image-2024-10-16-at-11.57.20-300x135.jpeg 300w, https:\/\/tsv-ohrnberg.de\/wp-content\/uploads\/2024\/10\/WhatsApp-Image-2024-10-16-at-11.57.20-1024x461.jpeg 1024w, https:\/\/tsv-ohrnberg.de\/wp-content\/uploads\/2024\/10\/WhatsApp-Image-2024-10-16-at-11.57.20-1536x691.jpeg 1536w, https:\/\/tsv-ohrnberg.de\/wp-content\/uploads\/2024\/10\/WhatsApp-Image-2024-10-16-at-11.57.20.jpeg 1600w\" sizes=\"(max-width: 768px) 100vw, 768px\" \/>\t\t\t\t\t\t\t\t\t\t\t\t\t\t\t<\/div>\n\t\t\t\t<\/div>\n\t\t\t\t\t<\/div>\n\t\t<\/div>\n\t\t\t\t\t<\/div>\n\t\t<\/section>\n\t\t\t\t<section class=\"elementor-section elementor-top-section elementor-element elementor-element-ad69a7a elementor-section-boxed elementor-section-height-default elementor-section-height-default\" data-id=\"ad69a7a\" data-element_type=\"section\" data-e-type=\"section\">\n\t\t\t\t\t\t<div class=\"elementor-container elementor-column-gap-default\">\n\t\t\t\t\t<div class=\"elementor-column elementor-col-100 elementor-top-column elementor-element elementor-element-d0ffa81\" data-id=\"d0ffa81\" data-element_type=\"column\" data-e-type=\"column\">\n\t\t\t<div class=\"elementor-widget-wrap elementor-element-populated\">\n\t\t\t\t\t\t<div class=\"elementor-element elementor-element-115daf9 elementor-widget elementor-widget-text-editor\" data-id=\"115daf9\" data-element_type=\"widget\" data-e-type=\"widget\" data-widget_type=\"text-editor.default\">\n\t\t\t\t<div class=\"elementor-widget-container\">\n\t\t\t\t\t\t\t\t\t<p><strong>\u00a0 \u00a0 \u00a0 \u00a0 \u00a0 \u00a0 \u00a0 \u00a0 \u00a0 \u00a0 \u00a0 \u00a0 \u00a0 \u00a0 Unser Flohmarkt Team bei der Spenden\u00fcbergabe an das Wunschmobil des DRK Ortsvereins \u00d6hringen<\/strong><\/p><p>Der Betrag stammt aus den Erl\u00f6sen unseres diesj\u00e4hrigen Flohmarkts auf dem Ohrnberger Sportgel\u00e4nde. Das Wunschmobil erf\u00fcllt Menschen, die wissen, dass sie nicht mehr lange zu leben haben, ihre W\u00fcnsche und Tr\u00e4ume und erm\u00f6glicht beispielsweise den Besuch eines Familienfestes, einen Ausflug ins Gr\u00fcne oder in die Berge, die Teilnahme an einer Kultur-, Musik- oder Sportveranstaltung oder bringt die Menschen an viele andere pers\u00f6nliche Sehnsuchtsorte. Eine wirklich tolle und wertvolle Arbeit, die die ehrenamtlichen Helfer dort leisten und die wir deshalb gerne unterst\u00fctzen. Vielen Dank daf\u00fcr!<\/p>\t\t\t\t\t\t\t\t<\/div>\n\t\t\t\t<\/div>\n\t\t\t\t\t<\/div>\n\t\t<\/div>\n\t\t\t\t\t<\/div>\n\t\t<\/section>\n\t\t\t\t<section class=\"elementor-section elementor-top-section elementor-element elementor-element-34ddc51 elementor-section-boxed elementor-section-height-default elementor-section-height-default\" data-id=\"34ddc51\" data-element_type=\"section\" data-e-type=\"section\">\n\t\t\t\t\t\t<div class=\"elementor-container elementor-column-gap-default\">\n\t\t\t\t\t<div class=\"elementor-column elementor-col-50 elementor-top-column elementor-element elementor-element-310919c\" data-id=\"310919c\" data-element_type=\"column\" data-e-type=\"column\">\n\t\t\t<div class=\"elementor-widget-wrap elementor-element-populated\">\n\t\t\t\t\t\t<div class=\"elementor-element elementor-element-8d21f6d elementor-widget elementor-widget-heading\" data-id=\"8d21f6d\" data-element_type=\"widget\" data-e-type=\"widget\" data-widget_type=\"heading.default\">\n\t\t\t\t<div class=\"elementor-widget-container\">\n\t\t\t\t\t<h2 class=\"elementor-heading-title elementor-size-default\">Jahreshauptversammlung 2024<\/h2>\t\t\t\t<\/div>\n\t\t\t\t<\/div>\n\t\t\t\t<div class=\"elementor-element elementor-element-60a55bf elementor-widget elementor-widget-text-editor\" data-id=\"60a55bf\" data-element_type=\"widget\" data-e-type=\"widget\" data-widget_type=\"text-editor.default\">\n\t\t\t\t<div class=\"elementor-widget-container\">\n\t\t\t\t\t\t\t\t\t<p><strong>Dancing Crew &#8211; Jobrotation &#8211; Ehrennadeln<\/strong><br \/>Zur Jahreshauptversammlung 2024 (22.03.2024) begr\u00fc\u00dfte unser 1. Vorstand Martin Poddig zahlreiche Ehrenmitglieder und Mitglieder in der Ohrnberger Halle. <br \/>Nachdem unsere j\u00fcngste Jazztanzgruppe &#8222;Dancing Crew&#8220; den Abend flott er\u00f6ffneten, wurde erstmal klargestellt, dass wir uns auf der JHV befinden und nicht auf der Jahresfeier \ud83d\ude09.<br \/>Nach den \u00fcblichen Tagesordnungspunkten f\u00fchrte OV Gerhard Schulz die Wahlen durch. Wiedergew\u00e4hlt wurden: <b>Lena Dieterle <\/b>(stlv. Jugendleitung), <b>Marlon Schuchardt<\/b> (Kassenpr\u00fcfer), <b>Andreas Gebhardt, Tobias Zeyer, Bj\u00f6rn Mugele<\/b> (freie AS-Mitglieder).<br \/>Als 2. Vorstand wurde neu <b>Jan Hiller <\/b>gew\u00e4hlt. <b>Andreas M\u00fcller<\/b> stand nicht mehr zur Wahl, er wurde jedoch als freies Mitglied in den Ausschuss als Nachfolger von Jan gew\u00e4hlt.<br \/>Im Anschlu\u00df fanden Vereinsehrungen statt. Allen Gew\u00e4hlten und Geehrten gilt unser herzlicher Gl\u00fcckwunsch<\/p>\t\t\t\t\t\t\t\t<\/div>\n\t\t\t\t<\/div>\n\t\t\t\t\t<\/div>\n\t\t<\/div>\n\t\t\t\t<div class=\"elementor-column elementor-col-50 elementor-top-column elementor-element elementor-element-6b6d6af\" data-id=\"6b6d6af\" data-element_type=\"column\" data-e-type=\"column\">\n\t\t\t<div class=\"elementor-widget-wrap elementor-element-populated\">\n\t\t\t\t\t\t<div class=\"elementor-element elementor-element-12f8d8d elementor-widget elementor-widget-heading\" data-id=\"12f8d8d\" data-element_type=\"widget\" data-e-type=\"widget\" data-widget_type=\"heading.default\">\n\t\t\t\t<div class=\"elementor-widget-container\">\n\t\t\t\t\t<h2 class=\"elementor-heading-title elementor-size-default\">Die Geehrten mit Vorstandschaft:<\/h2>\t\t\t\t<\/div>\n\t\t\t\t<\/div>\n\t\t\t\t<div class=\"elementor-element elementor-element-2922b8d elementor-widget elementor-widget-image\" data-id=\"2922b8d\" data-element_type=\"widget\" data-e-type=\"widget\" data-widget_type=\"image.default\">\n\t\t\t\t<div class=\"elementor-widget-container\">\n\t\t\t\t\t\t\t\t\t\t\t\t<figure class=\"wp-caption\">\n\t\t\t\t\t\t\t\t\t\t<img decoding=\"async\" width=\"1024\" height=\"683\" src=\"https:\/\/tsv-ohrnberg.de\/wp-content\/uploads\/2024\/04\/IMG_0404-1024x683.jpg\" class=\"attachment-large size-large wp-image-2684\" alt=\"\" srcset=\"https:\/\/tsv-ohrnberg.de\/wp-content\/uploads\/2024\/04\/IMG_0404-1024x683.jpg 1024w, https:\/\/tsv-ohrnberg.de\/wp-content\/uploads\/2024\/04\/IMG_0404-300x200.jpg 300w, https:\/\/tsv-ohrnberg.de\/wp-content\/uploads\/2024\/04\/IMG_0404-768x512.jpg 768w, https:\/\/tsv-ohrnberg.de\/wp-content\/uploads\/2024\/04\/IMG_0404-1536x1024.jpg 1536w, https:\/\/tsv-ohrnberg.de\/wp-content\/uploads\/2024\/04\/IMG_0404-2048x1365.jpg 2048w\" sizes=\"(max-width: 1024px) 100vw, 1024px\" \/>\t\t\t\t\t\t\t\t\t\t\t<figcaption class=\"widget-image-caption wp-caption-text\">v.l.n.r.: Jonas Winter, Dieter Endress, Sascha Schindler, Klaus Thellmann, Jan Hiller, Daniel Kn\u00f6dler, Rose Poddig, Joachim Klein, Martin Poddig<\/figcaption>\n\t\t\t\t\t\t\t\t\t\t<\/figure>\n\t\t\t\t\t\t\t\t\t<\/div>\n\t\t\t\t<\/div>\n\t\t\t\t\t<\/div>\n\t\t<\/div>\n\t\t\t\t\t<\/div>\n\t\t<\/section>\n\t\t\t\t<section class=\"elementor-section elementor-top-section elementor-element elementor-element-941e327 elementor-section-boxed elementor-section-height-default elementor-section-height-default\" data-id=\"941e327\" data-element_type=\"section\" data-e-type=\"section\">\n\t\t\t\t\t\t<div class=\"elementor-container elementor-column-gap-default\">\n\t\t\t\t\t<div class=\"elementor-column elementor-col-33 elementor-top-column elementor-element elementor-element-3192fea\" data-id=\"3192fea\" data-element_type=\"column\" data-e-type=\"column\">\n\t\t\t<div class=\"elementor-widget-wrap elementor-element-populated\">\n\t\t\t\t\t\t<div class=\"elementor-element elementor-element-cc2baf0 elementor-widget elementor-widget-image\" data-id=\"cc2baf0\" data-element_type=\"widget\" data-e-type=\"widget\" data-widget_type=\"image.default\">\n\t\t\t\t<div class=\"elementor-widget-container\">\n\t\t\t\t\t\t\t\t\t\t\t\t\t\t\t<img decoding=\"async\" width=\"1024\" height=\"1024\" src=\"https:\/\/tsv-ohrnberg.de\/wp-content\/uploads\/2024\/01\/1-1024x1024.png\" class=\"attachment-large size-large wp-image-2485\" alt=\"\" srcset=\"https:\/\/tsv-ohrnberg.de\/wp-content\/uploads\/2024\/01\/1-1024x1024.png 1024w, https:\/\/tsv-ohrnberg.de\/wp-content\/uploads\/2024\/01\/1-300x300.png 300w, https:\/\/tsv-ohrnberg.de\/wp-content\/uploads\/2024\/01\/1-150x150.png 150w, https:\/\/tsv-ohrnberg.de\/wp-content\/uploads\/2024\/01\/1-768x768.png 768w, https:\/\/tsv-ohrnberg.de\/wp-content\/uploads\/2024\/01\/1.png 1080w\" sizes=\"(max-width: 1024px) 100vw, 1024px\" \/>\t\t\t\t\t\t\t\t\t\t\t\t\t\t\t<\/div>\n\t\t\t\t<\/div>\n\t\t\t\t\t<\/div>\n\t\t<\/div>\n\t\t\t\t<div class=\"elementor-column elementor-col-33 elementor-top-column elementor-element elementor-element-f9e3715\" data-id=\"f9e3715\" data-element_type=\"column\" data-e-type=\"column\">\n\t\t\t<div class=\"elementor-widget-wrap elementor-element-populated\">\n\t\t\t\t\t\t<div class=\"elementor-element elementor-element-636e193 elementor-widget elementor-widget-image\" data-id=\"636e193\" data-element_type=\"widget\" data-e-type=\"widget\" data-widget_type=\"image.default\">\n\t\t\t\t<div class=\"elementor-widget-container\">\n\t\t\t\t\t\t\t\t\t\t\t\t\t\t\t<img loading=\"lazy\" decoding=\"async\" width=\"1024\" height=\"1024\" src=\"https:\/\/tsv-ohrnberg.de\/wp-content\/uploads\/2024\/01\/Mehr-Gruppen-im-Kinderturnen-1024x1024.png\" class=\"attachment-large size-large wp-image-2487\" alt=\"\" srcset=\"https:\/\/tsv-ohrnberg.de\/wp-content\/uploads\/2024\/01\/Mehr-Gruppen-im-Kinderturnen-1024x1024.png 1024w, https:\/\/tsv-ohrnberg.de\/wp-content\/uploads\/2024\/01\/Mehr-Gruppen-im-Kinderturnen-300x300.png 300w, https:\/\/tsv-ohrnberg.de\/wp-content\/uploads\/2024\/01\/Mehr-Gruppen-im-Kinderturnen-150x150.png 150w, https:\/\/tsv-ohrnberg.de\/wp-content\/uploads\/2024\/01\/Mehr-Gruppen-im-Kinderturnen-768x768.png 768w, https:\/\/tsv-ohrnberg.de\/wp-content\/uploads\/2024\/01\/Mehr-Gruppen-im-Kinderturnen.png 1080w\" sizes=\"(max-width: 1024px) 100vw, 1024px\" \/>\t\t\t\t\t\t\t\t\t\t\t\t\t\t\t<\/div>\n\t\t\t\t<\/div>\n\t\t\t\t\t<\/div>\n\t\t<\/div>\n\t\t\t\t<div class=\"elementor-column elementor-col-33 elementor-top-column elementor-element elementor-element-b4e3a0a\" data-id=\"b4e3a0a\" data-element_type=\"column\" data-e-type=\"column\">\n\t\t\t<div class=\"elementor-widget-wrap elementor-element-populated\">\n\t\t\t\t\t\t<div class=\"elementor-element elementor-element-442ea07 elementor-widget elementor-widget-image\" data-id=\"442ea07\" data-element_type=\"widget\" data-e-type=\"widget\" data-widget_type=\"image.default\">\n\t\t\t\t<div class=\"elementor-widget-container\">\n\t\t\t\t\t\t\t\t\t\t\t\t\t\t\t<img loading=\"lazy\" decoding=\"async\" width=\"1024\" height=\"1024\" src=\"https:\/\/tsv-ohrnberg.de\/wp-content\/uploads\/2024\/01\/3-1024x1024.png\" class=\"attachment-large size-large wp-image-2508\" alt=\"\" srcset=\"https:\/\/tsv-ohrnberg.de\/wp-content\/uploads\/2024\/01\/3-1024x1024.png 1024w, https:\/\/tsv-ohrnberg.de\/wp-content\/uploads\/2024\/01\/3-300x300.png 300w, https:\/\/tsv-ohrnberg.de\/wp-content\/uploads\/2024\/01\/3-150x150.png 150w, https:\/\/tsv-ohrnberg.de\/wp-content\/uploads\/2024\/01\/3-768x768.png 768w, https:\/\/tsv-ohrnberg.de\/wp-content\/uploads\/2024\/01\/3.png 1080w\" sizes=\"(max-width: 1024px) 100vw, 1024px\" \/>\t\t\t\t\t\t\t\t\t\t\t\t\t\t\t<\/div>\n\t\t\t\t<\/div>\n\t\t\t\t\t<\/div>\n\t\t<\/div>\n\t\t\t\t\t<\/div>\n\t\t<\/section>\n\t\t\t\t<section class=\"elementor-section elementor-top-section elementor-element elementor-element-0fce459 elementor-section-boxed elementor-section-height-default elementor-section-height-default\" data-id=\"0fce459\" data-element_type=\"section\" data-e-type=\"section\">\n\t\t\t\t\t\t<div class=\"elementor-container elementor-column-gap-default\">\n\t\t\t\t\t<div class=\"elementor-column elementor-col-100 elementor-top-column elementor-element elementor-element-b9bf4b5\" data-id=\"b9bf4b5\" data-element_type=\"column\" data-e-type=\"column\">\n\t\t\t<div class=\"elementor-widget-wrap elementor-element-populated\">\n\t\t\t\t\t\t<div class=\"elementor-element elementor-element-e4a55c1 elementor-widget elementor-widget-heading\" data-id=\"e4a55c1\" data-element_type=\"widget\" data-e-type=\"widget\" data-widget_type=\"heading.default\">\n\t\t\t\t<div class=\"elementor-widget-container\">\n\t\t\t\t\t<h2 class=\"elementor-heading-title elementor-size-default\">Neu: Newsletter f\u00fcr Mitglieder<\/h2>\t\t\t\t<\/div>\n\t\t\t\t<\/div>\n\t\t\t\t<section class=\"elementor-section elementor-inner-section elementor-element elementor-element-f84a9d9 elementor-section-boxed elementor-section-height-default elementor-section-height-default\" data-id=\"f84a9d9\" data-element_type=\"section\" data-e-type=\"section\">\n\t\t\t\t\t\t<div class=\"elementor-container elementor-column-gap-default\">\n\t\t\t\t\t<div class=\"elementor-column elementor-col-50 elementor-inner-column elementor-element elementor-element-155fc30\" data-id=\"155fc30\" data-element_type=\"column\" data-e-type=\"column\">\n\t\t\t<div class=\"elementor-widget-wrap elementor-element-populated\">\n\t\t\t\t\t\t<div class=\"elementor-element elementor-element-cf97f4b elementor-widget elementor-widget-text-editor\" data-id=\"cf97f4b\" data-element_type=\"widget\" data-e-type=\"widget\" data-widget_type=\"text-editor.default\">\n\t\t\t\t<div class=\"elementor-widget-container\">\n\t\t\t\t\t\t\t\t\t<p>Ale wichtigen Infos direkt auf Dein Smartphone:<br>Einladungen, Termine, Events, Jubil\u00e4umsnews, Arbeitsdienste, u.v.m. &#8230;<\/p>\n<p>Melde Dich gleich an und verpasse keine Information Deines Lieblingsvereins<\/p>\t\t\t\t\t\t\t\t<\/div>\n\t\t\t\t<\/div>\n\t\t\t\t\t<\/div>\n\t\t<\/div>\n\t\t\t\t<div class=\"elementor-column elementor-col-50 elementor-inner-column elementor-element elementor-element-62dc8c6\" data-id=\"62dc8c6\" data-element_type=\"column\" data-e-type=\"column\">\n\t\t\t<div class=\"elementor-widget-wrap elementor-element-populated\">\n\t\t\t\t\t\t<div class=\"elementor-element elementor-element-95a6342 elementor-align-center elementor-widget elementor-widget-button\" data-id=\"95a6342\" data-element_type=\"widget\" data-e-type=\"widget\" data-widget_type=\"button.default\">\n\t\t\t\t<div class=\"elementor-widget-container\">\n\t\t\t\t\t\t\t\t\t<div class=\"elementor-button-wrapper\">\n\t\t\t\t\t<a class=\"elementor-button elementor-button-link elementor-size-sm\" href=\"https:\/\/tsv-ohrnberg.de\/wp-content\/uploads\/2020\/08\/Newsletter_WhatsApp.pdf\">\n\t\t\t\t\t\t<span class=\"elementor-button-content-wrapper\">\n\t\t\t\t\t\t<span class=\"elementor-button-icon\">\n\t\t\t\t<i aria-hidden=\"true\" class=\"far fa-newspaper\"><\/i>\t\t\t<\/span>\n\t\t\t\t\t\t\t\t\t<span class=\"elementor-button-text\">PDF \/ Newsletter<\/span>\n\t\t\t\t\t<\/span>\n\t\t\t\t\t<\/a>\n\t\t\t\t<\/div>\n\t\t\t\t\t\t\t\t<\/div>\n\t\t\t\t<\/div>\n\t\t\t\t\t<\/div>\n\t\t<\/div>\n\t\t\t\t\t<\/div>\n\t\t<\/section>\n\t\t\t\t\t<\/div>\n\t\t<\/div>\n\t\t\t\t\t<\/div>\n\t\t<\/section>\n\t\t\t\t<section class=\"elementor-section elementor-top-section elementor-element elementor-element-866fccd elementor-section-boxed elementor-section-height-default elementor-section-height-default\" data-id=\"866fccd\" data-element_type=\"section\" data-e-type=\"section\">\n\t\t\t\t\t\t<div class=\"elementor-container elementor-column-gap-default\">\n\t\t\t\t\t<div class=\"elementor-column elementor-col-100 elementor-top-column elementor-element elementor-element-70a23fb\" data-id=\"70a23fb\" data-element_type=\"column\" data-e-type=\"column\">\n\t\t\t<div class=\"elementor-widget-wrap elementor-element-populated\">\n\t\t\t\t\t\t<div class=\"elementor-element elementor-element-2e7999f elementor-widget elementor-widget-heading\" data-id=\"2e7999f\" data-element_type=\"widget\" data-e-type=\"widget\" data-widget_type=\"heading.default\">\n\t\t\t\t<div class=\"elementor-widget-container\">\n\t\t\t\t\t<h2 class=\"elementor-heading-title elementor-size-default\">Be part of the TSV:<\/h2>\t\t\t\t<\/div>\n\t\t\t\t<\/div>\n\t\t\t\t\t<\/div>\n\t\t<\/div>\n\t\t\t\t\t<\/div>\n\t\t<\/section>\n\t\t\t\t<section class=\"elementor-section elementor-top-section elementor-element elementor-element-b5339aa elementor-section-boxed elementor-section-height-default elementor-section-height-default\" data-id=\"b5339aa\" data-element_type=\"section\" data-e-type=\"section\">\n\t\t\t\t\t\t<div class=\"elementor-container elementor-column-gap-default\">\n\t\t\t\t\t<div class=\"elementor-column elementor-col-100 elementor-top-column elementor-element elementor-element-eb9684b\" data-id=\"eb9684b\" data-element_type=\"column\" data-e-type=\"column\">\n\t\t\t<div class=\"elementor-widget-wrap elementor-element-populated\">\n\t\t\t\t\t\t<div class=\"elementor-element elementor-element-f094925 elementor-widget elementor-widget-button\" data-id=\"f094925\" data-element_type=\"widget\" data-e-type=\"widget\" data-widget_type=\"button.default\">\n\t\t\t\t<div class=\"elementor-widget-container\">\n\t\t\t\t\t\t\t\t\t<div class=\"elementor-button-wrapper\">\n\t\t\t\t\t<a class=\"elementor-button elementor-button-link elementor-size-sm\" href=\"https:\/\/tsv-ohrnberg.de\/wp-content\/uploads\/2019\/05\/2013-04-18_Antrag-auf-Aufnahme-in-den-TSV-Ohrnberg.pdf\" target=\"_blank\">\n\t\t\t\t\t\t<span class=\"elementor-button-content-wrapper\">\n\t\t\t\t\t\t\t\t\t<span class=\"elementor-button-text\">Mitgliedsantrag<\/span>\n\t\t\t\t\t<\/span>\n\t\t\t\t\t<\/a>\n\t\t\t\t<\/div>\n\t\t\t\t\t\t\t\t<\/div>\n\t\t\t\t<\/div>\n\t\t\t\t\t<\/div>\n\t\t<\/div>\n\t\t\t\t\t<\/div>\n\t\t<\/section>\n\t\t\t\t<\/div>\n\t\t","protected":false},"excerpt":{"rendered":"<p>Herzlich willkommen beim TSV Ohrnberg 1921 e.V. Informationen &#8211; &#8211; Termine 100 Jahre TSV Ohrnberg: Die ChronikDie Chronik &#8222;100 Jahre TSV Ohrnberg&#8220; ist da. Zur Abholung bitte an Jan Hiller oder Andreas M\u00fcller wenden. Preis f\u00fcr 300 tolle Seiten: 19,21 EUR.Newsletter f\u00fcr MitgliederAlle wichtigen Infos direkt auf Dein Smartphone, melde Dich gleich an und verpasse [&hellip;]<\/p>\n","protected":false},"author":1,"featured_media":0,"parent":0,"menu_order":0,"comment_status":"closed","ping_status":"closed","template":"elementor_header_footer","meta":{"_monsterinsights_skip_tracking":false,"_monsterinsights_sitenote_active":false,"_monsterinsights_sitenote_note":"","_monsterinsights_sitenote_category":0,"footnotes":""},"class_list":["post-9","page","type-page","status-publish","hentry","entry"],"_links":{"self":[{"href":"https:\/\/tsv-ohrnberg.de\/index.php\/wp-json\/wp\/v2\/pages\/9","targetHints":{"allow":["GET"]}}],"collection":[{"href":"https:\/\/tsv-ohrnberg.de\/index.php\/wp-json\/wp\/v2\/pages"}],"about":[{"href":"https:\/\/tsv-ohrnberg.de\/index.php\/wp-json\/wp\/v2\/types\/page"}],"author":[{"embeddable":true,"href":"https:\/\/tsv-ohrnberg.de\/index.php\/wp-json\/wp\/v2\/users\/1"}],"replies":[{"embeddable":true,"href":"https:\/\/tsv-ohrnberg.de\/index.php\/wp-json\/wp\/v2\/comments?post=9"}],"version-history":[{"count":433,"href":"https:\/\/tsv-ohrnberg.de\/index.php\/wp-json\/wp\/v2\/pages\/9\/revisions"}],"predecessor-version":[{"id":3013,"href":"https:\/\/tsv-ohrnberg.de\/index.php\/wp-json\/wp\/v2\/pages\/9\/revisions\/3013"}],"wp:attachment":[{"href":"https:\/\/tsv-ohrnberg.de\/index.php\/wp-json\/wp\/v2\/media?parent=9"}],"curies":[{"name":"wp","href":"https:\/\/api.w.org\/{rel}","templated":true}]}}